985959 and 1185?
79
What is the highest common divisor of 27546 and 1884?
6
What is the highest common divisor of 327141 and 18093?
489
What is the greatest common factor of 189390 and 18146130?
3210
Calculate the greatest common factor of 75240854 and 78.
26
Calculate the highest common divisor of 121994 and 106492.
674
What is the highest common divisor of 11721307 and 87?
29
What is the highest common factor of 61149 and 5712?
51
What is the highest common divisor of 76 and 27?
1
What is the highest common divisor of 978530 and 8134?
98
What is the highest common factor of 30 and 2889114?
6
What is the highest common divisor of 3 and 7699326?
3
What is the greatest common divisor of 133 and 4257862?
133
Calculate the greatest common divisor of 7 and 1408295.
7
Calculate the greatest common factor of 225708 and 35.
7
What is the highest common divisor of 2498533630 and 95?
95
What is the greatest common divisor of 845194 and 2439650?
1654
What is the highest common divisor of 1547 and 49970531?
221
Calculate the highest common divisor of 76395 and 357225.
165
What is the greatest common divisor of 155 and 26267354?
31
What is the highest common factor of 430 and 645340?
10
What is the highest common divisor of 3537 and 2952423?
27
Calculate the highest common factor of 59023821 and 129.
129
What is the greatest common divisor of 4122989 and 22559?
1327
What is the highest common divisor of 192 and 40502256?
48
What is the greatest common factor of 58 and 10373561?
29
What is the highest common factor of 176 and 61080976?
176
What is the greatest common divisor of 1477202 and 5771?
29
What is the greatest common divisor of 817650 and 1449?
207
Calculate the greatest common factor of 2117 and 1813631.
29
Calculate the highest common factor of 2667 and 41167.
7
Calculate the highest common factor of 19491592 and 36.
4
Calculate the greatest common factor of 24488869 and 1405.
281
Calculate the highest common divisor of 545064 and 127531.
1747
Calculate the highest common divisor of 7486691 and 2960.
37
What is the greatest common factor of 27927510 and 808?
202
Calculate the greatest common factor of 31643079 and 1132.
283
What is the greatest common divisor of 186429480 and 4420?
340
Calculate the highest common divisor of 468531 and 1268109.
1809
What is the greatest common divisor of 5305524 and 28?
28
Calculate the highest common factor of 208006617 and 16198.
8099
What is the highest common divisor of 28007785 and 65?
65
What is the highest common factor of 496501 and 2438?
23
Calculate the greatest common factor of 4060 and 7070.
70
What is the greatest common factor of 26559835 and 426265?
3205
Calculate the highest common divisor of 20068274 and 236344.
1906
Calculate the greatest common divisor of 50771410 and 204910.
6610
What is the greatest common factor of 104993 and 170289?
371
What is the highest common factor of 35193 and 3909?
3
Calculate the highest common factor of 17334710 and 16430.
530
Calculate the greatest common factor of 24 and 25615596.
12
What is the greatest common divisor of 66 and 55398354?
66
What is the highest common factor of 18112911 and 72777?
4281
Calculate the greatest common factor of 101 and 618023343.
101
What is the greatest common factor of 3675 and 44508219?
147
Calculate the highest common factor of 28110 and 22020.
30
Calculate the greatest common divisor of 69 and 29408559.
69
Calculate the greatest common factor of 88 and 22308616.
88
Calculate the greatest common factor of 9760892 and 20.
4
Calculate the highest common factor of 1162003 and 23914.
1087
What is the greatest common factor of 953 and 164547839?
953
Calculate the highest common factor of 21452321 and 22.
11
What is the greatest common factor of 5118636 and 12?
12
Calculate the highest common divisor of 4468 and 14679614.
2234
Calculate the greatest common divisor of 133874 and 3677830.
494
Calculate the greatest common factor of 527 and 91112286.
31
What is the greatest common divisor of 344715 and 1295?
35
What is the highest common divisor of 90727832 and 104?
104
What is the greatest common factor of 8 and 2682334?
2
What is the greatest common divisor of 60 and 3797388?
12
Calculate the greatest common divisor of 6958 and 1213926.
98
What is the highest common factor of 29406 and 161472?
174
Calculate the greatest common divisor of 1787062 and 174542.
886
Calculate the greatest common divisor of 396 and 1121706.
18
What is the greatest common factor of 711 and 39414?
3
What is the greatest common factor of 11819 and 43195?
53
Calculate the greatest common divisor of 6912 and 311607.
27
What is the highest common factor of 13239 and 260002192?
1471
What is the highest common factor of 608010 and 7800?
390
Calculate the greatest common divisor of 21126 and 285362966.
7042
Calculate the greatest common factor of 371343 and 1491.
21
What is the greatest common factor of 3009646 and 2312?
578
What is the highest common divisor of 1395027 and 45?
9
Calculate the highest common divisor of 76 and 13456.
4
Calculate the highest common divisor of 9375 and 6304425.
75
Calculate the highest common divisor of 17126269 and 83201.
4379
Calculate the greatest common factor of 29825850 and 1875.
75
What is the highest common factor of 9592499 and 469?
7
What is the highest common factor of 236937 and 426?
3
Calculate the greatest common divisor of 1439269 and 1124611.
5827
Calculate the greatest common divisor of 77 and 596561.
7
Calculate the highest common factor of 486 and 34771356.
486
Calculate the greatest common divisor of 17712 and 5494.
82
What is the highest common factor of 67697 and 81739292?
9671
What is the highest common divisor of 660 and 56057298?
66
What is the greatest common factor of 1002 and 4822626?
1002
What is the greatest common divisor of 1046 and 13492877?
523
Calculate the highest common factor of 36684090 and 1620.
810
What is the highest common factor of 7990 and 420946100?
470
Calculate the highest common divisor of 4764 and 135113392.
1588
Calculate the greatest common divisor of 395 and 2229670.
5
What is the highest common divisor of 77255381 and 7?
7
Calculate the highest common divisor of 1113270 and 4730.
430
What is the greatest common divisor of 17376632 and 416?
104
What is the greatest common divisor of 9235 and 22808603?
1847
Calculate the greatest common factor of 12996 and 2487924.
36
Calculate the highest common divisor of 18585 and 86985.
45
What is the greatest common divisor of 10522660 and 4760?
340
Calculate the greatest common divisor of 6909 and 145628.
49
What is the highest common divisor of 320935 and 1040?
5
What is the greatest common divisor of 2000 and 1527696000?
2000
What is the greatest common factor of 708501910 and 10?
10
What is the greatest common divisor of 10325 and 201805?
5
What is the highest common divisor of 198 and 29414916?
18
Calculate the highest common factor of 408 and 8869155.
51
Calculate the greatest common factor of 255 and 2836395.
15
What is the greatest common factor of 33890524 and 32?
4
Calculate the highest common divisor of 29 and 20345356.
29
What is the greatest common divisor of 295410038 and 154?
154
What is the highest common divisor of 2036577476 and 8152?
4076
What is the greatest common divisor of 430 and 1362260?
10
Calculate the greatest common divisor of 281110830 and 231.
231
What is the highest common divisor of 206 and 6513205?
103
What is the greatest common factor of 60821409 and 902?
451
Calculate the greatest common divisor of 403925 and 247.
1
Calculate the greatest common factor of 748 and 8240155.
187
Calculate the highest common divisor of 26151030 and 720.
90
Calculate the highest common factor of 452 and 38777758.
226
What is the highest common divisor of 36801 and 4053562?
1363
Calculate the greatest common divisor of 239706 and 13662.
1242
What is the greatest common divisor of 27275 and 118975?
25
Calculate the highest common factor of 83706702 and 957.
87
What is the highest common factor of 1152 and 11831850?
18
Calculate the highest common divisor of 1661679666 and 138.
138
What is the greatest common divisor of 16 and 237531252?
4
Calculate the highest common factor of 4620084 and 63.
21
Calculate the greatest common div